d derivative of 7*h**3/6 + 5*h**2/2 + 368*h - 2. What is r(3)?
26
Let y(o) = -o**2 - 4*o - 11. Let k be 32/(-3) + 504/189. Determine y(k).
-43
Suppose 4*a + 32 = -2*q + 22, -4*q - 20 = -2*a. Let t(f) = f - 16*f**3 + 17*f**3 + a*f**2 + 3*f + 6 - 6*f**2 - 9*f. Give t(7).
20
Suppose -5*b - 13*i = -11*i - 61, -2*b + 5*i = -36. Let l(z) = -3*z - 2. Give l(b).
-41
Suppose 0 = -2*z + 4*h - 2, -4*z - 4*h + 16 + 4 = 0. Let s(g) = 88*g - 263. Give s(z).
1
Let i(h) be the first derivative of h**6/40 - h**5/15 + h**4/12 + h**3/6 - h**2/2 + 3*h + 89. Let v(b) be the second derivative of i(b). Determine v(2).
13
Let q(b) be the third derivative of -b**5/60 - 5*b**4/8 - 29*b**3/3 - 69*b**2 + 11*b. What is q(-5)?
-8
Let f(g) = 63*g**2 - 11*g - 2. Let p(b) = 27*b**2 - 5*b - 1. Let t(y) = -2*f(y) + 5*p(y). What is t(3)?
71
Suppose 92 = 57*q - 136. Let f(k) be the third derivative of k**5/60 - k**4/12 - k**3/6 - 5*k**2. Give f(q).
7
Let z(t) = t - 3. Suppose -3*d - 23 = -5*h, -2*h = 5*d + 27 + 1. Let q be -1 - 7/((-7)/d). Determine z(q).
-10
Let g(q) = -q**2 - 3*q + 13. Let k(b) = 18*b - 184. Let m be k(29). Let c = m + -345. Give g(c).
-15
Let j = -346 - -343. Let m(t) = t**2 - 4*t + 5. Let d be m(3). Let k(b) = -7 + d + b + 3 + 1. What is k(j)?
-4
Let k(r) = -r**3 - 4*r**2 + 6*r + 9. Let a(i) = -i**3 - 3*i**2 + 5*i + 10. Let u(b) = -3*a(b) + 4*k(b). Let v = -96 + 88. Give u(v).
-2
Let r(t) = -t**3 + 30*t**2 + 33*t - 47. Let g be r(31). Let n(x) = 36 - 8*x**2 - 6*x**2 + g*x**2. Give n(0).
36
Let o(w) = 5*w + 2. Let y(c) = 2*c + 1. Let d(s) = o(s) - 4*y(s). Suppose 14*x = 10*x - 4. Let n be 22/(-8) + x*(-2)/(-8). Determine d(n).
7
Let d(m) = -8*m - 9 + 81 - 32 - 30. Give d(-6).
58
Let z be 1 - (-39 + -6 + 2). Let f = z + -42. Let a(l) = -1 - 8 - l - f. What is a(0)?
-11
Let c = -48 - -40. Let j(d) = -14*d + 32. Let m(k) = -5*k + 9. Let v(o) = -10*o + 17. Let w(t) = -5*m(t) + 2*v(t). Let n(a) = -6*j(a) - 17*w(a). What is n(c)?
3
Let m(n) be the first derivative of -23 + 4/3*n**3 - 13/2*n**2 + 1/8*n**4 + 0*n. Let q(w) be the second derivative of m(w). What is q(-7)?
-13
Suppose 28*x = -430 + 570. Let c(p) = -4*p**2 + p + 14. Determine c(x).
-81
Let b(k) be the first derivative of k**3/3 - 3*k**2/2 - 87*k - 4126. Calculate b(11).
1
Let a(p) = -19*p - 60. Let z be 5 - 119/14 - ((-28)/8)/7. Determine a(z).
-3
Suppose -9*a - 4 = -22. Suppose -11 = 2*w - 5*u, 0*w = -5*w - a*u + 16. Let i(z) = 4*z**2 - 7*z + 3. Let m(v) = v. Let d(g) = i(g) + 5*m(g). Give d(w).
15
Let p(r) = r**3 - 3*r**2 - r + 2. Let g(m) = -9*m - 12. Let d be g(-9). Suppose -2*f = f - d. Let n = f - 20. What is p(n)?
-1
Let h(o) = -o**3 + 8*o**2 + 9*o + 11. Suppose j = -3*j + 3*z - 285, -5*j - z = 361. Let t be 54/4*j/(-108). Give h(t).
11
Let r(b) = -2*b**2 + 8*b + 3. Let y(o) = -17*o + 137. Let k be y(8). Let f be (k/5)/((-31)/(-930)). Determine r(f).
-21
Let j(o) = -3*o**2 + 19*o - 81. Let n(d) = 8*d**2 - 56*d + 217. Let m(h) = -11*j(h) - 4*n(h). What is m(-14)?
9
Suppose 3*v + a = 527, 0 = -5*v - 5*a + 753 + 142. Let u(h) = -h - 1 + h + h + 5 - 175*h**2 + v*h**2. Give u(0).
4
Let h(a) = a**3 + 14*a**2 + 48*a + 19. Let c be 128/(-8) + 5 + (-1 - -3). What is h(c)?
-8
Let l(n) = -13*n + 9. Let u(i) = 24*i - 19. Let y(q) = 11*l(q) + 6*u(q). What is y(1)?
-14
Let y(a) be the first derivative of a**4/4 + 13*a**3/3 - 36*a**2 - 42*a - 10435. Give y(-17).
26
Suppose -2*q = 5*h + 81, -3*q + h - 131 = -h. Let k = q + 33. Let z(d) = 3*d + 68. Let j(l) = -4*l - 92. Let w(f) = 8*j(f) + 11*z(f). Determine w(k).
2
Let t be (9/(-12))/((-24)/(-192)) + -3 + 2. Let q(c) = -11*c - 75. Determine q(t).
2
Let l(q) be the second derivative of q**4/12 + 14*q**3/3 + 44*q**2 + 5106*q. Determine l(-25).
13
Let v(o) be the third derivative of 5*o**4/6 - 7*o**3/6 - 3*o**2 + 513*o. Determine v(3).
53
Let x = 27 - 13. Let t = x + -20. Let g(i) = -3434*i**3 - 2*i - 6*i + 1 - 4*i**2 + 3433*i**3 + 3*i - 3*i**2. Give g(t).
-5
Let c be -6*((-2)/9 + 48/(-108)). Let v be ((-39)/(-9) - c)*15. Suppose 5*x + 4*a = 2 + 4, -a = v*x + 6. Let k(d) = -d**3 - d**2 + d. What is k(x)?
2
Let i(c) = -39*c + 2039. Let t be i(52). Let p(v) be the first derivative of -2*v**3 - v - 3*v**2 - 1/4*v**4 - t. Determine p(-5).
4
Let v be (9 - 12)*34/(-51). Let o(h) = -h**3 - 2*h**2 + 2*h. What is o(v)?
-12
Let x(q) be the first derivative of -3*q**4 + 2*q**3/3 - q**2 + q - 6. Let v be (-47 - (-13277)/284)/(((-2)/(-8))/(-1)). Determine x(v).
-11
Let k(l) = 10*l**3 - 11*l**2 - 60*l + 19. Let u(r) = r**3 - r**2 - 6*r + 2. Let c(p) = -k(p) + 9*u(p). What is c(2)?
11
Let f be (5 + -10)/(2 - 3). Let s(j) = 131*j - 14. Let o(c) = -45*c + 1. Let t(d) = -3*o(d) - s(d). Give t(f).
31
Let q(i) = 2*i + 10. Let k(p) = 6*p + 30. Let j(x) = 5*k(x) - 16*q(x). Let t(f) = -10*f - 80. Let o be t(-10). Suppose 0 = 218*h - 220*h - o. Give j(h).
10
Let p(d) = -2*d + 28. Let v be p(14). Suppose v*n = n - 5*o + 21, -3 = 3*n - 3*o. Let r(z) = 1 + n + 2*z - z - 6*z**2 + 5*z**2. Determine r(0).
5
Suppose -4*k - 11 = 2*j + 13, 2*j = 4*k + 8. Let s(r) = 7*r - 2 + 11 - 7 + r**2 - 2 - 1. Determine s(k).
-13
Let n(u) = 41*u + 1. Let q(s) = -5*s - 2. Let i(k) = n(k) + 6*q(k). Give i(2).
11
Let x(s) = 21*s. Let y(a) = -240*a + 62. Let r(c) = -22*x(c) - 2*y(c). Calculate r(6).
-16
Let d(v) = 13 + 32 - 46*v - 11872*v**2 + 11867*v**2. Let m(q) = -6*q - q - 2*q + 9 - q**2. Let w(k) = -2*d(k) + 11*m(k). What is w(-7)?
9
Let i(h) = h**3 + 23*h**2 - 26*h - 46. Let b be i(-24). Let z(a) = -5*a + b + 4*a - 23 + 12. Give z(0).
-9
Let q(y) = 33 - 107*y + 7 + 104*y. Give q(13).
1
Let p(r) = -r**2 - 5*r + 8. Let o(m) = m. Let x(f) = 3*o(f) - p(f). Calculate x(-13).
57
Let a = -6 + 8. Let b(i) = 12 + 5*i + a*i**3 - 6 - i**3 - 7*i**2 + i. Suppose -3 = -2*f - 4*z + 25, 0 = f + 5*z - 26. Calculate b(f).
6
Let l(h) be the second derivative of -h**3/6 + h**2 + 20*h + 55. Suppose -10*q = -14*q + 48. Determine l(q).
-10
Let c(r) = r**3 + 6*r**2 - 7*r + 8. Suppose -339*f = -347*f + 800. Suppose 10*n - 30 + f = 0. Calculate c(n).
8
Let o(b) = -b**2 - 8*b + 13. Suppose -p - 19 - 1 = 0. Let f be (60/p + (-2)/(-3))*-3. Suppose f*i = 13*i + 60. What is o(i)?
-7
Suppose 4*b = 4*r - 9*r + 7, 0 = -4*r + 3*b - 13. Let g be 19/(-76)*8*r. Let z(n) = -7*n**2 + 2*n. Determine z(g).
-24
Let y(p) = 12*p + 2. Let d be (12/12)/((-9)/(-27)). Give y(d).
38
Let c(k) be the second derivative of k**5/20 - 2*k**4/3 + 5*k**3/3 - 4*k**2 - 4470*k. Calculate c(7).
13
Let a(f) = -2216*f - 2223*f + 0 + 15 + 4443*f. Determine a(-3).
3
Let n be ((-1)/4)/((-1)/(-4)). Let p(a) be the first derivative of a - 2*a**3 + 95 - 136 + 81. Determine p(n).
-5
Let h(v) = 12*v - 169. Let x(i) = -3. Let a(t) = -h(t) - 5*x(t). Calculate a(15).
4
Let n(x) = -x**3 + 2*x**2 + 5*x + 18. Suppose 23*m = -44*m + 4*m. Calculate n(m).
18
Let h(o) be the second derivative of -o**5/20 - 7*o**4/12 - o**3/2 + 3*o**2/2 + 8*o. Suppose 135*l - 134*l = 2*g + 17, -4*l - 4 = 4*g. Give h(g).
-15
Let u(g) = -12 - 15043*g + 30074*g - 2*g**2 - 15053*g. Calculate u(-11).
-12
Let y(c) = -c**2 + 26*c + 1862. Let k be y(58). Let h(n) = n**3 - 3*n**2 - 16*n + 16. Give h(k).
28
Let m(h) be the second derivative of -7*h**3/3 - h**2/2 - 1057*h. Determine m(-2).
27
Let u(s) = -11*s - 30. Let f(o) be the third derivative of 13*o**4/24 + 17*o**3/3 + 10*o**2 - 9. Let j(r) = 5*f(r) + 6*u(r). Calculate j(-8).
-2
Let c(w) = -5*w + 289 - 576 - w**2 + 286 - 9*w. Give c(0).
-1
Let k = 0 - 0. Suppose k*q = 2*q - 14. Let f(j) be the third derivative of j**4/24 - j**3 + 1119*j**2. Determine f(q).
1
Let q(x) = 8*x**2 + 1 - 2*x - x**3 + 2 - 2 + 9. Let k(j) be the third derivative of 5*j**4/24 - 9*j**3/2 - 16*j**2. Let u be k(7). Determine q(u).
-6
Let m(g) be the first derivative of -g**4/2 - 23*g**3/3 - 3*g**2 + 61*g - 1195. What is m(-11)?
6
Let z(r) = r**2 + 5*r - 5. Let f(c) = 2*c**3 - 4*c**2 - c - 4. Let t be f(4). Let l = 179 + -117. Let u = t - l. Calculate z(u).
1
Let r be (-2673)/(-77) + 2/7. Suppose 0 = 2*w + 3*w - r. Let g(f) = -f - 2591 + 7771 - 2586 - 2588. Determine g(w).
-1
Let j(r) = -4*r - 48*r**2 + 2 - 48*r**2 - r**3 - 59*r**2 - 49*r**2 + 197*r**2. Let h = 6 + -12. What is j(h)?
-10
Let z(y) = -3*y**2 + 9*y + 42. Let s be (12/(-32))/((4/(-36))/((-56)/63)). What is z(s)?
-12
Let h(n)